{"id":16,"date":"2024-10-20T17:54:01","date_gmt":"2024-10-20T15:54:01","guid":{"rendered":"https:\/\/service.multiedu.eu\/?page_id=16"},"modified":"2024-10-20T18:06:25","modified_gmt":"2024-10-20T16:06:25","slug":"polityka-plikow-cookies","status":"publish","type":"page","link":"https:\/\/service.multiedu.eu\/?page_id=16","title":{"rendered":"Polityka Plik\u00f3w Cookies"},"content":{"rendered":"\n<p><strong>1. Czym s\u0105 pliki cookies?<\/strong><\/p>\n\n\n\n<p>Pliki cookies to niewielkie pliki tekstowe przechowywane na Twoim urz\u0105dzeniu (komputerze, tablecie, smartfonie) podczas korzystania z naszej strony internetowej. Pliki te zawieraj\u0105 informacje, kt\u00f3re mog\u0105 by\u0107 potrzebne do prawid\u0142owego funkcjonowania strony, personalizacji tre\u015bci, analizy ruchu oraz dostosowania reklam do Twoich preferencji.<\/p>\n\n\n\n<p><strong>2. Rodzaje plik\u00f3w cookies, kt\u00f3re stosujemy<\/strong><\/p>\n\n\n\n<ol class=\"wp-block-list\">\n<li><strong>Niezb\u0119dne pliki cookies<\/strong>: Te pliki s\u0105 niezb\u0119dne do prawid\u0142owego funkcjonowania strony. Umo\u017cliwiaj\u0105 poruszanie si\u0119 po stronie oraz korzystanie z jej podstawowych funkcji, takich jak dost\u0119p do bezpiecznych obszar\u00f3w witryny. Bez tych plik\u00f3w cookies niekt\u00f3re us\u0142ugi na stronie mog\u0105 nie dzia\u0142a\u0107 prawid\u0142owo.<\/li>\n\n\n\n<li><strong>Pliki cookies dotycz\u0105ce wydajno\u015bci<\/strong>: Te pliki cookies zbieraj\u0105 informacje o tym, jak u\u017cytkownicy korzystaj\u0105 z naszej strony, na przyk\u0142ad kt\u00f3re strony s\u0105 najcz\u0119\u015bciej odwiedzane i czy u\u017cytkownicy otrzymuj\u0105 komunikaty o b\u0142\u0119dach. Dane te s\u0105 zbierane w spos\u00f3b anonimowy i s\u0142u\u017c\u0105 wy\u0142\u0105cznie do poprawy dzia\u0142ania strony.<\/li>\n\n\n\n<li><strong>Funkcjonalne pliki cookies<\/strong>: Umo\u017cliwiaj\u0105 stronie zapami\u0119tanie wybor\u00f3w dokonanych przez u\u017cytkownika (takich jak preferencje j\u0119zykowe) i zapewniaj\u0105 bardziej spersonalizowane funkcje. Te pliki cookies mog\u0105 tak\u017ce przechowywa\u0107 informacje o rozmiarze czcionki, ustawieniach personalizacji i innych preferencjach u\u017cytkownika.<\/li>\n\n\n\n<li><strong>Pliki cookies dotycz\u0105ce marketingu<\/strong>: Te pliki cookies s\u0105 u\u017cywane do dostarczania tre\u015bci reklamowych bardziej odpowiadaj\u0105cych zainteresowaniom u\u017cytkownika. Mog\u0105 one r\u00f3wnie\u017c ogranicza\u0107 liczb\u0119 wy\u015bwietle\u0144 tej samej reklamy oraz mierzy\u0107 skuteczno\u015b\u0107 kampanii reklamowych. Informacje te s\u0105 zazwyczaj zbierane i przetwarzane przez strony trzecie.<\/li>\n<\/ol>\n\n\n\n<p><strong>3. Cele stosowania plik\u00f3w cookies<\/strong><\/p>\n\n\n\n<p>Stosujemy pliki cookies w nast\u0119puj\u0105cych celach:<\/p>\n\n\n\n<ul class=\"wp-block-list\">\n<li><strong>Zapewnienie prawid\u0142owego funkcjonowania strony<\/strong>: Niezb\u0119dne pliki cookies pozwalaj\u0105 na korzystanie z podstawowych funkcji strony.<\/li>\n\n\n\n<li><strong>Personalizacja tre\u015bci<\/strong>: Pliki cookies umo\u017cliwiaj\u0105 dostosowanie zawarto\u015bci strony do preferencji u\u017cytkownika, w tym zapami\u0119tywanie ustawie\u0144 j\u0119zykowych i personalizacj\u0119 tre\u015bci.<\/li>\n\n\n\n<li><strong>Analiza ruchu<\/strong>: Pliki cookies pozwalaj\u0105 na analiz\u0119 statystyk u\u017cytkowania strony, co pomaga nam w jej optymalizacji.<\/li>\n\n\n\n<li><strong>Reklama<\/strong>: Pliki cookies mog\u0105 by\u0107 u\u017cywane do dostosowywania tre\u015bci reklamowych wy\u015bwietlanych na stronie oraz mierzenia ich skuteczno\u015bci.<\/li>\n<\/ul>\n\n\n\n<p><strong>4. Zarz\u0105dzanie plikami cookies<\/strong><\/p>\n\n\n\n<p>U\u017cytkownik mo\u017ce w ka\u017cdej chwili zmieni\u0107 ustawienia dotycz\u0105ce plik\u00f3w cookies w swojej przegl\u0105darce internetowej. Mo\u017cesz zablokowa\u0107 pliki cookies lub usun\u0105\u0107 te ju\u017c zapisane na swoim urz\u0105dzeniu, jednak\u017ce mo\u017ce to wp\u0142yn\u0105\u0107 na funkcjonalno\u015b\u0107 strony oraz ograniczy\u0107 dost\u0119p do niekt\u00f3rych funkcji.<\/p>\n\n\n\n<p><strong>5. Pliki cookies stron trzecich<\/strong><\/p>\n\n\n\n<p>Na naszej stronie mog\u0105 by\u0107 r\u00f3wnie\u017c u\u017cywane pliki cookies stron trzecich, kt\u00f3re umo\u017cliwiaj\u0105 dostarczanie reklam, analizowanie ruchu na stronie oraz oferowanie dodatkowych funkcji. Pliki te s\u0105 zarz\u0105dzane przez zewn\u0119trzne podmioty, z kt\u00f3rymi wsp\u00f3\u0142pracujemy.<\/p>\n\n\n\n<p><strong>6. Zmiany w Polityce Plik\u00f3w Cookies<\/strong><\/p>\n\n\n\n<p>Zastrzegamy sobie prawo do wprowadzania zmian w niniejszej Polityce Plik\u00f3w Cookies. Wszelkie zmiany b\u0119d\u0105 publikowane na tej stronie i wchodz\u0105 w \u017cycie w dniu ich opublikowania.<\/p>\n\n\n\n<p><strong>7. Kontakt<\/strong><\/p>\n\n\n\n<p>W przypadku pyta\u0144 dotycz\u0105cych naszej Polityki Plik\u00f3w Cookies, prosimy o kontakt pod adresem e-mail:&nbsp;<a href=\"mailto: office@multiedu.eu\">office@multiedu.eu<\/a>&nbsp;<\/p>\n\n\n\n<p><\/p>\n\n\n\n<h2 class=\"wp-block-heading\">Cookie Policy<\/h2>\n\n\n\n<ol class=\"wp-block-list\">\n<li>What are cookies?<\/li>\n<\/ol>\n\n\n\n<p>Cookies are small text files stored on your device (computer, tablet, smartphone) when you use our website. These files contain information that may be necessary for the website to function properly, personalize content, analyze traffic, and adapt advertising to your preferences.<\/p>\n\n\n\n<ol start=\"2\" class=\"wp-block-list\">\n<li>Types of cookies we use<\/li>\n<\/ol>\n\n\n\n<p>Strictly necessary cookies: These files are essential for the website to function properly. They allow you to move around the website and use its basic features, such as accessing secure areas of the website. Without these cookies, some services on the website may not function properly.<\/p>\n\n\n\n<p>Performance cookies: These cookies collect information about how users use our website, for example which pages are visited most often and whether users receive error messages. This data is collected anonymously and is only used to improve how the website works.<\/p>\n\n\n\n<p>Functional cookies: They allow the website to remember choices you make (such as language preferences) and provide more personalised features. These cookies may also store information about font size, personalisation settings and other user preferences.<\/p>\n\n\n\n<p>Marketing cookies: These cookies are used to deliver advertising content more relevant to the user&#8217;s interests. They can also limit the number of times you see the same advertisement and measure the effectiveness of advertising campaigns. This information is usually collected and processed by third parties.<\/p>\n\n\n\n<ol start=\"3\" class=\"wp-block-list\">\n<li>Purposes of using cookies<\/li>\n<\/ol>\n\n\n\n<p>We use cookies for the following purposes:<\/p>\n\n\n\n<p>Ensuring the proper functioning of the website: Necessary cookies allow you to use the basic functions of the website.<\/p>\n\n\n\n<p>Content personalisation: Cookies allow us to adapt the content of the website to the user&#8217;s preferences, including remembering language settings and personalising content.<\/p>\n\n\n\n<p>Traffic analysis: Cookies allow us to analyse usage statistics of the website, which helps us to optimise it.<\/p>\n\n\n\n<p>Advertising: Cookies can be used to customise the advertising content displayed on the website and measure its effectiveness.<\/p>\n\n\n\n<ol start=\"4\" class=\"wp-block-list\">\n<li>Managing cookies<\/li>\n<\/ol>\n\n\n\n<p>You can change the cookie settings in your browser at any time. You can block cookies or delete those already saved on your device, but this may affect the functionality of the site and limit access to some features.<\/p>\n\n\n\n<ol start=\"5\" class=\"wp-block-list\">\n<li>Third-party cookies<\/li>\n<\/ol>\n\n\n\n<p>Our site may also use third-party cookies to deliver advertising, analyze traffic on the site and offer additional features. These files are managed by external entities with whom we cooperate.<\/p>\n\n\n\n<ol start=\"6\" class=\"wp-block-list\">\n<li>Changes to the Cookie Policy<\/li>\n<\/ol>\n\n\n\n<p>We reserve the right to make changes to this Cookie Policy. Any changes will be published on this page and will come into effect on the date they are published.<\/p>\n\n\n\n<ol start=\"7\" class=\"wp-block-list\">\n<li>Contact<\/li>\n<\/ol>\n\n\n\n<p>If you have any questions about our Cookie Policy, please contact us at the following e-mail address: office@multiedu.eu<\/p>\n\n\n\n<p><\/p>\n","protected":false},"excerpt":{"rendered":"<p>1. Czym s\u0105 pliki cookies? Pliki cookies to niewielkie pliki tekstowe przechowywane na Twoim urz\u0105dzeniu (komputerze, tablecie, smartfonie) podczas korzystania z naszej strony internetowej. Pliki te zawieraj\u0105 informacje, kt\u00f3re mog\u0105 by\u0107 potrzebne do prawid\u0142owego funkcjonowania strony, personalizacji tre\u015bci, analizy ruchu oraz dostosowania reklam do Twoich preferencji. 2. Rodzaje plik\u00f3w cookies, kt\u00f3re stosujemy 3. Cele stosowania [&hellip;]<\/p>\n","protected":false},"author":1,"featured_media":0,"parent":0,"menu_order":0,"comment_status":"closed","ping_status":"closed","template":"","meta":{"footnotes":""},"class_list":["post-16","page","type-page","status-publish","hentry"],"_links":{"self":[{"href":"https:\/\/service.multiedu.eu\/index.php?rest_route=\/wp\/v2\/pages\/16","targetHints":{"allow":["GET"]}}],"collection":[{"href":"https:\/\/service.multiedu.eu\/index.php?rest_route=\/wp\/v2\/pages"}],"about":[{"href":"https:\/\/service.multiedu.eu\/index.php?rest_route=\/wp\/v2\/types\/page"}],"author":[{"embeddable":true,"href":"https:\/\/service.multiedu.eu\/index.php?rest_route=\/wp\/v2\/users\/1"}],"replies":[{"embeddable":true,"href":"https:\/\/service.multiedu.eu\/index.php?rest_route=%2Fwp%2Fv2%2Fcomments&post=16"}],"version-history":[{"count":3,"href":"https:\/\/service.multiedu.eu\/index.php?rest_route=\/wp\/v2\/pages\/16\/revisions"}],"predecessor-version":[{"id":22,"href":"https:\/\/service.multiedu.eu\/index.php?rest_route=\/wp\/v2\/pages\/16\/revisions\/22"}],"wp:attachment":[{"href":"https:\/\/service.multiedu.eu\/index.php?rest_route=%2Fwp%2Fv2%2Fmedia&parent=16"}],"curies":[{"name":"wp","href":"https:\/\/api.w.org\/{rel}","templated":true}]}}